1 + 7/(0 + 1). Let i(k) = k**3 - k**2 - k - 5. Let o(x) = 1. Let n(r) = s*o(r) + i(r). Determine n(q).
1
Suppose 2*a + 2*f + f - 19 = 0, 2*a + 1 = f. Let h(i) = i + 2*i - 1 + 0. Calculate h(a).
5
Let o(x) = 7*x**2 + 11*x + 7. Let g(q) = 6*q**2 + 10*q + 6. Let j(n) = 6*g(n) - 5*o(n). Let h be j(-3). Let c(b) = -b + 4. Give c(h).
9
Let c(o) = 4*o - 93 + 93. What is c(1)?
4
Let g(y) = 2*y + 4. Let x be -4 + 4 + (-34)/(-2). Let t = -4 + x. Suppose 3*i + 0*m = 4*m - t, 4*i + 4*m = -8. Calculate g(i).
-2
Let f = 3 - 1. Let g be (8 - f) + 1 + 1. Suppose -4*i + g = 0, 4*d + 5*i - 20 = 2*d. Let s(o) = o**2 - 6*o + 2. Determine s(d).
-3
Let t(n) = -2*n**3 - 2*n**2 + 2. Suppose -3*y = -0*h - 4*h - 23, 0 = -2*h + y - 9. Give t(h).
10
Let i = -149 + 145. Let b(z) = -4*z + 4. Calculate b(i).
20
Let q(g) = -g - 1. Suppose -b - 4*b = -15. Calculate q(b).
-4
Let f(q) = -q**2 - q. Let n(z) be the second derivative of z**3/2 + 3*z**2/2 + 2*z. Let b be n(-2). What is f(b)?
-6
Let d(n) = 3. Let m(u) = -u**2 + u - 1. Let s(h) = -d(h) - 3*m(h). What is s(3)?
18
Let o(m) = 5*m**2 + 11*m - 4. Let s(y) = -6*y**2 - 12*y + 4. Let l(h) = -5*o(h) - 4*s(h). Calculate l(-7).
4
Let u(a) = a + 1. Let f(s) = 8*s - 38. Let l be f(4). Give u(l).
-5
Let z(u) be the first derivative of -u**3/3 + u**2/2 - 2*u + 42. Determine z(2).
-4
Let k(r) = -r. Let s(n) = 6*n - 1. Let l(p) = k(p) + s(p). Let c be 221/39 + (-2)/3. Suppose -v + c*v - 4 = 0. Determine l(v).
4
Let g(v) = 3*v - 5. Let z(p) = -7*p + 11. Let w(s) = 5*g(s) + 2*z(s). What is w(-4)?
-7
Let k(m) = m**3 - m**2 - 3*m - 2. Suppose 3*b - 18 = 3*d, -4*b + 2*b - 3*d = -12. Let a be 8/b*(-12)/8. Calculate k(a).
-8
Let f(h) = -h**2 - 9*h - 2. Suppose -5 = 5*l + 25. Give f(l).
16
Let n = -4 + 5. Let q(b) = -2*b + b + n - b + b**2 - b. Calculate q(4).
5
Let o(w) = -w - 12. Let c = 52 + -52. Give o(c).
-12
Let j(o) be the third derivative of -o**4/4 - o**3/6 - 2*o**2. Suppose y + 5 = 6*y. Give j(y).
-7
Let o(b) = -5*b + 0*b - 2 + 2*b + b**3. Determine o(-2).
-4
Let m = 6 + -2. Suppose -m*w - 4 = -2*v - 7*w, -v - w = 0. Let g(o) = -o. Let i(n) = 3*n + 3. Let j(z) = -2*g(z) - i(z). Give j(v).
1
Let z = -7 + 12. Let t(g) = 31 - 13 - g - 13. What is t(z)?
0
Let w(x) = 2*x. Let j(f) be the second derivative of 2*f + 0*f**2 + 1/6*f**3 + 0. Let k be j(4). What is w(k)?
8
Let a(v) = v**2 + 3*v - 5. Let l(x) = x. Let j(z) = a(z) - 6*l(z). Let g = -1 - -5. Suppose 5*s + 5*c - 20 = 0, 4*c - g = 3*s - 4*s. Calculate j(s).
-1
Let m(i) = 3*i**2 - 2 - 4*i**2 + 6*i + 1. Let p = 14 - -7. Suppose -p = -3*s - 3*x, 4*s + x - 5*x = 4. What is m(s)?
7
Let r(d) be the third derivative of d**4/12 - d**3/6 - 2*d**2. Let j(k) = -2*k. Let g(n) = 5*n - 1. Let a(q) = -3*g(q) - 7*j(q). Let h be a(4). Calculate r(h).
-3
Let q = -4 - -3. Let b(a) be the first derivative of -4*a**2 + 6. What is b(q)?
8
Let u(c) = c + 10. Let j be u(-7). Suppose -2 = m - j*m + 2*a, -m - 1 = -3*a. Let y(d) = -3 + 2*d - d**2 + 8 + m*d. Calculate y(4).
5
Let y(r) = 2*r + 5. Suppose o - 15 = 3*g, 3 = 2*g - 3*o - 2*o. Determine y(g).
-7
Let s(j) = 3*j**2 + j - 11. Let v(c) = -3 - c**2 - 2 + 0*c**2 + 10. Let n(q) = -3*s(q) - 7*v(q). Determine n(-2).
-4
Let l be (3/(-6))/((-1)/(-8)). Let n(u) = -u + 11. Let r(g) = -g + 12. Let z(f) = l*r(f) + 5*n(f). What is z(6)?
1
Let j(f) = -f**3 - 6*f**2 - 4*f. Suppose -28*n + 24*n - 20 = 0. What is j(n)?
-5
Let t(l) = 4*l - 27. Let d be t(6). Let p(k) = 2*k**2 + 4*k - 1. What is p(d)?
5
Let r(x) = x**3 - 7*x**2 + 6*x - 7. Suppose 1 = 8*y - 47. Give r(y).
-7
Let o(b) = -4*b**3 - 2*b**2 - b. Let g(i) = i**3 + 12*i**2 + i + 13. Let q be g(-12). Suppose -6 = 5*c - q. What is o(c)?
3
Let j(a) = 7*a**2 - 8*a + 8. Let v(f) = 6*f**2 - 7*f + 7. Let m(q) = 5*j(q) - 6*v(q). Let b be m(3). Let y(z) = -4*z + 3*z + 6 + 2*z. Determine y(b).
1
Suppose y + 16 = 12. Let m(c) = -c**3 - 3*c**2 + 3*c - 1. What is m(y)?
3
Let y(c) = c + 1. Suppose 0 + 10 = -2*r. Let l(b) be the second derivative of b**3/6 + 9*b. Let h(t) = r*y(t) + 6*l(t). Give h(0).
-5
Let j(f) be the third derivative of -f**6/120 + f**5/12 - f**4/24 - 2*f**3/3 - 14*f**2. Let b = -6 + 10. Calculate j(b).
8
Let a be 2/(-1) + 2 + 0. Suppose 5*o - 12 = 2*o. Let h(c) = -2*c**3 + c**2 - c**3 + 6 + 4*c**3 + 5*c - o*c. What is h(a)?
6
Let n(t) = t**2 - 4*t + 2. Let b be n(2). Let q be 5/(b/(-2 + 0)). Let k = 2 - q. Let a(r) = -r**3 - 4*r**2 - r + 4. Determine a(k).
-2
Let p(r) = -r**2 + 4*r + 10. Let m be p(7). Let g(k) = -3*k**2 + 2*k + 1. Let v be g(-2). Let c = v - m. Let s(d) = d**3 + 5*d**2 + 4*d - 2. What is s(c)?
-2
Let j(g) = 3*g - 7. Let s(n) = 4*n - 7. Let d(l) = 3*j(l) - 2*s(l). Suppose -4*c + 5*b = 24 + 33, 5*b = 2*c + 41. Let x = c - -3. Calculate d(x).
-12
Let f(p) = -p**3 - 7*p**2 - 9*p - 21. Let l be f(-6). Let h(a) = 2*a + 2. Give h(l).
-4
Let p(l) = l - 4. Let z be (-6 - (3 - 2))*-1. Calculate p(z).
3
Let v(u) = 3*u - 22. Let c be v(8). Let r(g) = -6*g + 2. Calculate r(c).
-10
Let x(z) be the third derivative of z**8/20160 - z**7/630 + z**6/90 + z**5/12 - 2*z**2. Let q(l) be the third derivative of x(l). What is q(6)?
-4
Let k = -46 + 46. Let l(n) = -n + 10. Give l(k).
10
Let v be (-32)/10*85/(-34). Suppose -3*w = 26 - v. Let q(j) = j**2 + 6*j - 1. Determine q(w).
-1
Let l(z) = 1 + 0*z + z + 2. Suppose 2*g = -2, 3*i - 11 = i + 3*g. Give l(i).
7
Let b(h) be the third derivative of h**6/120 - h**5/20 - h**4/4 + 2*h**3/3 + 6*h**2. Give b(4).
-4
Let h = 23 - 13. Let v = -14 + h. Let x(o) = -13*o**2 - 21*o - 2. Let t(n) = -7*n**2 - 11*n - 1. Let c(b) = -11*t(b) + 6*x(b). Determine c(v).
3
Let w(m) = -m**3 - 4*m**2 + 6*m - 3. Suppose 19 + 1 = -4*k. Give w(k).
-8
Let w(z) be the first derivative of 3*z**2/2 + 3*z - 2. Let o = 175 + -171. Calculate w(o).
15
Let v(k) be the third derivative of k**6/120 + k**5/12 + k**4/6 + k**3 + 2*k**2. Determine v(-4).
6
Let o(s) be the first derivative of -2 + 5/3*s**3 + s + s**2. Determine o(-1).
4
Let x(g) be the third derivative of g**7/1260 + g**5/60 - 5*g**4/24 + 7*g**2. Let m(o) be the second derivative of x(o). Calculate m(2).
10
Let b(j) = -6*j**2 + 4*j + 1. Let l be (-2 - (-3 - -4)) + 7. Let v(t) = -5*t**2 + 4*t + 1. Let q(h) = l*b(h) - 5*v(h). Give q(5).
4
Let g(m) = m**3 - 6*m**2 + 6. Let s = -25 - -30. Give g(s).
-19
Let o(a) be the second derivative of a**8/6720 + a**7/504 + a**5/24 + a**4/4 - 5*a. Let g(t) be the third derivative of o(t). Give g(-5).
5
Let m(z) be the first derivative of z**6/120 + z**5/12 - z**4/24 + 5*z**2/2 + 5. Let d(s) be the second derivative of m(s). Calculate d(-5).
5
Let g(h) = 0*h - 1 + 3*h - 2 - h. Let x be (24/(-14))/((-2)/7). Suppose y + x = -y. What is g(y)?
-9
Let p(r) = 2*r - 1. Let g be p(1). Let q = 1 - g. Let c(m) be the second derivative of m**5/20 + m**4/12 + m**3/6 - 3*m**2/2 - 2*m. What is c(q)?
-3
Suppose 0 = 6*z + 2*z - 5*z. Let h(t) be the third derivative of z*t + 0 + t**2 - 1/3*t**3 - 1/24*t**4. Determine h(-2).
0
Let c(s) = -2*s + 3*s + 7 - 3 + 2. What is c(-6)?
0
Let y(w) be the first derivative of -2*w - 1 - 7/6*w**3 + 1/12*w**4 + 3*w**2. Let c(x) be the first derivative of y(x). Give c(5).
-4
Let f(x) be the third derivative of -1/24*x**4 + 0 + 1/60*x**5 - 1/6*x**3 - 2*x**2 + 0*x. Let o be f(3). Let z(t) = t + 1. What is z(o)?
6
Let w(h) = h**2 + 4*h + 1. Let c(b) = b - 12. Let l be c(10). Let a be (l/5)/((-7)/(-35)). Give w(a).
-3
Let j(u) = 2*u**2 + u + 1. Let g(b) = b**3 + 14*b**2 - b - 15. Let v be g(-14). What is j(v)?
2
Let r = -11 - -14. Suppose -r*y = -y. Let h(d) = -d**3 + d**2 + 2. Give h(y).
2
Let d(r) be the first derivative of -r**4/4 - r**3 + 5*r**2/2 - 3*r + 2. Let x be ((-20)/25)/2*(0 + 10). Give d(x).
-7
Let b(p) = p - 3. Let m be (36/12)/(1/1). Calculate b(m).
0
Let f(p) = 3 + 3*p**3 - 4 - 4 - 4*p**3 + 6*p**2. Determine f(6).
-5
Let z be 6/(-2) + 17 + -21. Let u(h) = h**3 + 8*h**2 + 7*h + 10. Determine u(z).
10
Let k = 31 + -36. Let c(v) be the second derivative of -v**3/6 + 2*v**2 - v. What is c(k)?
9
Let j(x) = -x**3 + 7*x**2 - 6*x + 6. Let d = 17 + -11. Determine j(d).
6
Let c be ((-10)/3)/((-12)/(-18)). Let n(u) = -u**3 - 6*u**2 - 5*u + 1. Give n(c).
1
Let g(z) be the second derivative of z**5/20 - 5*z**4/12 - z**3 + 4*z**2 + 3*z. Give g(6).
8
Let a(d) = d**2 - 5*d + 6. Let z(x) 